 g = -l*b. What is the units digit of b?
4
Let i = 0 + 4. Suppose 2*b + 0 + 1 = 3*u, -b = -i. What is the units digit of u?
3
Suppose 3*c = -2*i + 71, -106 - 39 = -4*i - 5*c. What is the tens digit of i?
4
Suppose 2*j + 4*o - 294 = 0, 4*j - 143 = 3*j - 3*o. What is the hundreds digit of j?
1
Suppose -a + 2*a - 1 = 0. Let x = 5 - a. Suppose -25 = x*v - 9*v. What is the units digit of v?
5
Let d = 389 + -196. What is the tens digit of d?
9
Let a(m) = -9*m - 10. Suppose 1 = -u, 0*b + 18 = -5*b + 2*u. What is the tens digit of a(b)?
2
Suppose 5*t + 5*t = 360. What is the tens digit of t?
3
Suppose -3*r - 4*a = -a - 9, 2*a - 18 = -4*r. Suppose -2*s + 60 = -3*y - 7*s, 4*s + 42 = -2*y. What is the units digit of (-100)/y + 2/r?
7
Let h(s) = -s**3 - 9*s**2 + 9*s - 7. Let v be h(-10). Suppose 52 = 2*o - 2*z - 14, -4*o + 146 = v*z. What is the tens digit of o?
3
Let u be (-1)/(-4) + (-183)/12. Let y be u/(-2) - (-1)/2. Let g = y + -4. What is the units digit of g?
4
Suppose -3*p - 4*u + 229 + 57 = 0, -1 = -u. What is the units digit of p?
4
Let a be -1*4*(-15)/12. Suppose a*d - 50 = -3*x, 5*d + 4*x + 29 = 79. What is the tens digit of d?
1
Suppose -361 = 4*o + 183. Let q = -79 - o. What is the tens digit of q?
5
Let h = -2 - -55. What is the units digit of h?
3
Suppose 5*q = 2*g - 21, 2*g = -3*q + 4*q + 1. Let f(o) = 3*o. Let p(n) = -2*n + 1. Let u(h) = -4*f(h) - 5*p(h). What is the units digit of u(q)?
5
Let w = -31 - -115. Suppose -3*m + w = 2*q, -23 = 3*m - q - 107. What is the tens digit of m?
2
Let t be ((-12)/18)/(2/(-9)). Suppose 17 = 3*u - l, -t*u + 0 = -4*l - 23. Let m(a) = a**3 - 5*a**2 - a + 6. What is the units digit of m(u)?
1
Suppose 3 - 7 = -2*p. What is the units digit of p?
2
Let m(o) = o - 4*o + 2*o - 3 - o**3 - 5*o - 6*o**2. What is the units digit of m(-5)?
2
Suppose 7 = 2*y + 17. Let k = 0 - y. What is the units digit of k?
5
Let l(d) = 21*d**2 + 5*d - 2. What is the tens digit of l(2)?
9
Let k(s) = -2*s**3 + s**2 - s - 1. Let p be (12/(-8))/(6/8). Let i be (p - 2/2) + 1. What is the units digit of k(i)?
1
Let o(d) = -9*d**2 + 1. Let j(u) = -5*u**2. Let a(c) = -5*j(c) + 3*o(c). Let p(i) be the first derivative of a(i). What is the units digit of p(-2)?
8
What is the tens digit of 4/(-4 - 0) - -39?
3
Let u be (2 + -5)/(6/(-4)). Suppose 33 = u*g + g. What is the units digit of g?
1
Let m(n) = -30*n + 46. What is the units digit of m(-6)?
6
Let j(b) = -b - 5. Let t be j(-5). Suppose -2*d + 8 + 6 = -2*i, -5*d + 4*i + 35 = t. What is the units digit of d?
7
Suppose 5*t - 133 = 2*m - 24, -2*m + 59 = 3*t. Let v = -15 + t. What is the units digit of v?
6
Let n(h) = 2*h + 9. What is the units digit of n(6)?
1
Let o(k) = -k**3 - 2*k**2 - 2*k + 1. Let j be o(-2). Let b = j + -3. What is the units digit of b?
2
Suppose 0*l = 5*l. Suppose -40 + l = 5*o. Let x = 13 + o. What is the units digit of x?
5
Suppose v - 10 = 5*d, 0*v = 3*v - d - 16. Suppose 90 = v*q - 10. What is the tens digit of q?
2
Let l(f) = -f**3 + 5*f**2 - f - 3. Let o be l(4). Suppose o = i + z - 0*z, -2*i + 14 = -2*z. What is the units digit of i?
8
Let g(d) = -19*d + 19*d**3 + 1 - 18*d**3 + 5*d + 12*d**2. What is the tens digit of g(-13)?
1
Suppose 0 = 5*l - 7*l + 12. Let s be 27/l - 4/(-8). What is the units digit of s*6/10*2?
6
Let l(b) = b**2 - 6*b - 8. Let q = 18 + -13. Let p(x) = 3*x**2 - 11*x - 16. Let m(o) = q*l(o) - 2*p(o). What is the units digit of m(-6)?
4
Let a(q) = q**2 - 3*q. Let f(z) = z**2 - z + 1. Let r(y) = -4*y**2 + 7*y - 8. Let j(x) = 5*f(x) + r(x). Let k be j(-4). What is the tens digit of a(k)?
1
Suppose -2*y = -7*y - 15. What is the units digit of 16/(-12)*y/2?
2
Suppose 0 = 6*y - 2255 - 199. What is the hundreds digit of y?
4
What is the units digit of ((-12)/4)/(6/(-52))?
6
Let w be 3*(-2)/(-3) + 1. Suppose 0 = w*i - 5*i + 40. Suppose 0*g = -g - 2*z + i, -z + 4 = 0. What is the tens digit of g?
1
Suppose -4*l + 51 = 2*r - r, 4*r = 5*l + 141. Let n = r + 1. Suppose 3*b + 4*w = -12 + n, 3*b = w + 53. What is the tens digit of b?
1
Suppose 5*u + 3*t - 347 = 0, -2*t - 60 = -u + 12. What is the tens digit of u?
7
Let z = -95 + 133. What is the tens digit of z?
3
Let s(b) = -b**3 - b**2 - b - 5. Let g be s(0). Let a be (2 + 38)/2 + 0. What is the units digit of 4/a - 4/g?
1
Let t(s) = -1 - 1 + 4 + 2 - 5*s. Let c be t(-4). Suppose -5*o + 21 + c = 0. What is the units digit of o?
9
Suppose -5*y = 3*h + 23, 5*h - y + 24 = -5. Let j(w) = -2*w + 5. What is the tens digit of j(h)?
1
Let h = 24 + -3. What is the tens digit of h?
2
What is the units digit of (-242)/(-3) + (-4)/6?
0
Let t be (48/(-40))/(4/(-10)). Suppose 0 = x + 5*i - 4, 0*x - t*x - 2*i + 38 = 0. What is the units digit of x?
4
Suppose 3*x = 4*x - 2. Suppose x*t + 2*t = 8. What is the units digit of t?
2
Let i(z) = z**2 + 9*z + 12. Suppose -2 = -3*f + 13. Suppose -y - 8 = -3, 45 = -f*p - y. What is the units digit of i(p)?
4
Suppose 5*p = -21 + 186. What is the units digit of p?
3
Let i be (-1)/1*(1 - 19). Suppose -6 = -5*d - 4*v + i, 5*v + 3 = 2*d. What is the units digit of d?
4
Let b be (-4)/14 + (-16)/(-56). Suppose -2*h - h + o + 66 = b, 0 = -5*h - 5*o + 90. What is the tens digit of h?
2
What is the units digit of 266/(-19)*(-6)/7?
2
Suppose -3*a + 4 - 72 = -4*p, -3*a = 0. Suppose -d = -w - 5*d + p, -d = 0. What is the tens digit of w?
1
Let a be (6/12)/((-1)/(-8)). Suppose b - 19 = -m, 0 = m - b + a*b - 19. What is the units digit of m?
9
Let m be (-4)/6 + 78/9. Suppose 2 = -r + z, -3*z + m = -r - 0*r. Suppose 3*u = 4*u - r. What is the units digit of u?
1
Let b(u) = 15*u**2 + 4*u + 3. Let x be b(-2). Suppose -n + 2*n - 16 = -4*l, -4*n - 16 = 0. Suppose -l*i - x = -10*i. What is the units digit of i?
1
Let s = 43 + -12. What is the units digit of s?
1
Let o be ((-6)/10)/(1/(-5)). Suppose -2*p = -p - 4, 4*r - o*p + 16 = 0. Let n = r + 5. What is the units digit of n?
4
Let h be 1/((1 + -2)*-1). What is the units digit of (2 - h) + 5 - -2?
8
Suppose v + 2 = g, 5*v - 2*g = -g + 2. Let h be 1 - (v + -3 + 3). Let t = h - -1. What is the units digit of t?
1
Let q = -5 - 2. Let n = -7 - -6. Let z = n - q. What is the units digit of z?
6
Let f = -9 - -32. Let a(q) = -6*q + 1. Let o be a(-2). Let j = f - o. What is the tens digit of j?
1
Suppose 3*h + h + 5*f - 688 = 0, -f = 0. What is the tens digit of h?
7
Let a = -8 + 10. Suppose 21 = k - 0*k. Suppose 0 = 5*j + 3*t - 76, a*t - 7 = -2*j + k. What is the tens digit of j?
1
Suppose 2*y = -68 - 18. Let d = -25 - y. What is the units digit of d?
8
Let n(l) = -l**3 - 9*l**2 + 9*l - 8. Let h be n(-10). What is the tens digit of (h/2 - 2) + 17?
1
Let r be 3/(-3*1/(-4)). Suppose -3*z + 128 - 23 = 0. Suppose -r*x = x - z. What is the units digit of x?
7
Let o be (1/2)/(5/330). Let q = 66 - o. Suppose 4*p - q = 11. What is the units digit of p?
1
Let t(p) = -p**3 + 1 - 2 + 2*p**2 + 2 + p. What is the units digit of t(2)?
3
Let k be (-23)/(-3) + 4/(-6). Suppose 0 = -4*j + k + 5. Suppose 8*p = j*p + 20. What is the units digit of p?
4
Let g = 10 - 6. What is the units digit of (1 + 1)*(g + -3)?
2
Suppose 28 - 3 = 5*p. Suppose -p = -3*b + 7. What is the units digit of b?
4
What is the tens digit of (9/2)/(4/24)?
2
Let r = -68 + 96. What is the units digit of r?
8
Suppose 0 = -4*g + 418 + 54. What is the hundreds digit of g?
1
Suppose 3*h - 11 = 4*q, -h - q + 5*q = -9. Let r be h/5 - 24/(-5). Suppose -r*y = -50 - 10. What is the tens digit of y?
1
Let d be (-45)/(-3) - (-2)/(-2). Let w = -13 + d. What is the units digit of w?
1
Let s(d) = d**3 - 23*d**2 - d + 28. What is the units digit of s(23)?
5
Let c be (6/(-4))/((-3)/40). Let n be -3 + -1 + 3 - -12. Let m = c - n. What is the units digit of m?
9
Let j(n) = n + 35 - 9 - 18. What is the units digit of j(0)?
8
Let s = -259 - -703. What is the tens digit of s?
4
Let a = 4 - 1. Suppose a*w + 51 = 6*w. What is the units digit of w?
7
Let p be 10/40 + 54/8. Suppose 0 = a - p - 1. What is the units digit of a?
8
What is the units digit of 1533/(-28)*-2 + 6/4?
1
Let h(g) be the first derivative of -g**4/4 + 7*g**3/3 - 3*g**2 - 7*g - 1. Let z(m) = 6*m - 1. Let v be z(1). What is the tens digit of h(v)?
1
Suppose -3*b = -6 - 0. Let d = 8 - 7. What is the units digit of (d - 3)*(-13)/b?
3
What is the units digit of 